19 + 12. Let y = 9 + f. What is the highest common factor of y and x?
2
Suppose -4*w + 4*a + 24 = 0, -3*a = 13*w - 10*w - 36. Suppose 0 = -w*k + 423 + 261. Calculate the greatest common factor of 19 and k.
19
Let p(h) = h**2 + 15*h - 5. Let m = 49 + -36. Let z be p(m). Let n = -170 + z. Calculate the greatest common factor of 27 and n.
27
Suppose 14*z - 1005 = -43*z - 10*z. Let t be 78 + 1/((-4)/12). Calculate the greatest common divisor of z and t.
15
Let y(x) = 3*x**2 - 227*x + 2892. Let m be y(60). Suppose -4*v + 0*v = -240. What is the greatest common divisor of m and v?
12
Let n = 6 + -5. Let i(f) = -3*f - 4 - 14 - n. Let c be i(-13). What is the highest common factor of 8 and c?
4
Let t = 27987 + -27967. What is the highest common factor of t and 2190?
10
Suppose 2*h = 5*z - 96, 37*z - 32 = 33*z - 4*h. What is the greatest common divisor of z and 1516?
4
Let t be -1086*(-14)/588 - (-1)/7. What is the highest common divisor of t and 23686?
26
Suppose 8*k - 4*k + 360 = 0. Let m = k - -86. Let s be (m - 11/(-2))*30. Calculate the highest common divisor of s and 15.
15
Let q = 66 - 63. Suppose q*i - 251 = 640. Calculate the greatest common divisor of 189 and i.
27
Let m be (-585)/(-180)*(-2 + 6). What is the highest common factor of 12961 and m?
13
Let d(b) = -b + 13. Let p be d(6). Let t(l) = -8*l + 19*l**2 - 7*l - 7 - p*l + 15*l. Let n be t(-1). What is the highest common factor of 209 and n?
19
Suppose 3*r = -51 - 15. Let z = r - -37. Let c be 6810/90 + (-4)/6. What is the greatest common factor of z and c?
15
Suppose -l + 2 = -3*f, 8*l - 11*l = 2*f + 5. Let r be 14 + -6 - (0/1 + l). Calculate the greatest common divisor of r and 18.
9
Let j = 343 + -341. Suppose -25 = -3*l - 16. Suppose 4*v = -2*m + 16, -l*m + 5*v = j*m - 85. What is the highest common factor of m and 4?
2
Let q(l) = l**3 + 7*l**2 + 6*l - 26. Let c be q(-5). Let i be 4/c*6 + -1 + 245. Calculate the greatest common divisor of i and 48.
48
Suppose 7*d = 9*d. Suppose 4*q + d*q - 12 = 0. Suppose -q*g + 128 = -0*o + 5*o, -8 = 2*g. Calculate the highest common divisor of o and 35.
7
Let m(n) = 233*n**2 + 1678*n + 11. Let k be m(-8). What is the highest common factor of 2 and k?
1
Let z be (-2)/(-6) + (120/18 - -7). Suppose 476 = 2*p - 0. Calculate the greatest common factor of p and z.
14
Let b = 346 + 258. Let g = b + -584. Let p = 9 + -5. What is the highest common divisor of p and g?
4
Let f(k) = k**2 - 4*k - 31. Let p be f(-5). Let u = 12 + -8. Suppose -5*h = u*b - 630, 5*b + 59 = 2*h - 193. Calculate the greatest common factor of p and h.
14
Suppose -2*n + 6*u + 34 = 2*u, u = -5. Suppose -8*p + 91 = -88 + 11. Calculate the greatest common factor of n and p.
7
Let j(u) = -u**2 + 5*u - 5. Let z be j(4). Let c(y) = 4*y + 3. Let i be c(z). Let b be i*(-3)/(-6)*-16. What is the greatest common factor of 56 and b?
8
Let s be 60/50*(-8 + 118). What is the greatest common factor of 1276 and s?
44
Let y = -543 - -640. Calculate the highest common divisor of y and 3007.
97
Let t be ((-6)/2 + 34)/((-30)/(-720)). Calculate the greatest common divisor of 1395 and t.
93
Let b(h) = 6*h - 3. Let c be b(2). Suppose -c*y + 46 = -26. Calculate the greatest common factor of y and 4.
4
Let i = -1078 - -1273. What is the greatest common factor of 165 and i?
15
Suppose 4*y = -4*x + 2767 - 787, -2*y = -5*x - 983. Calculate the highest common factor of y and 266.
38
Let m be (-94 + 3)*(-1)/(2/(-28)*-1). Calculate the highest common factor of m and 784.
98
Suppose 24*r - 21*r + 99 = 2*c, 4*r = -c + 44. Calculate the highest common divisor of 640 and c.
16
Let q(x) = x**3 - x**2 + x + 24. Let f be q(0). Suppose 606*k = 610*k - 2*j - 48, -2*k + 3*j + 8 = 0. Calculate the greatest common factor of k and f.
8
Let s be (420/50)/(((-63)/(-2240))/9). Calculate the highest common factor of 420 and s.
84
Suppose -15*r - 19224 = -2*b - 11*r, -4*r - 38424 = -4*b. Calculate the highest common factor of b and 15.
15
Suppose -5188 + 1822 = 22*o. Let b = o - -189. Calculate the highest common factor of b and 8.
4
Let q be ((-8)/(-6))/(30/(-45))*-2. Suppose -3*z + 20 + 1 = 3*x, 3*z = -4*x + 23. Let m be x - 5 - -38 - -1. What is the highest common factor of m and q?
4
Let r = -47 - -74. Suppose 22 = 7*c - 13. Let g(t) = 62*t - 13. Let m be g(c). What is the greatest common divisor of r and m?
27
Let k = 5134 - 5078. What is the highest common divisor of 132 and k?
4
Let f(o) = 5*o - 15. Let u be f(3). Suppose u = 54*r - 59*r + 255. Calculate the highest common factor of 561 and r.
51
Let s = -990 - -1017. Calculate the greatest common factor of s and 189.
27
Suppose 33075 = -2713*q + 2740*q. Calculate the greatest common factor of 98 and q.
49
Suppose 0 = -6*b + 41 - 22 + 35. What is the highest common factor of b and 1413?
9
Let j(w) = -3*w**2 + w + 13. Let u(q) = -2*q**2 - q + 1. Let n(p) = j(p) - 3*u(p). Let v be n(-7). Calculate the greatest common divisor of v and 301.
43
Suppose 184*g - 21207 = 1977. What is the highest common factor of g and 42?
42
Let l(t) = -t**2 + 11*t - 23. Let f be l(-7). Let p = -71 - f. What is the highest common divisor of 39 and p?
39
Let t(l) = -530*l**3 - l**2 + 2*l + 1. Let x be ((-5)/(-15))/(3/(-9)). Let a be t(x). Suppose -6*m = -10*m + a. What is the highest common divisor of 12 and m?
12
Let r(x) = 2*x**2 + 8*x + 12. Let s be r(-4). Calculate the highest common divisor of 456 and s.
12
Let a = 4507 + -4393. Calculate the highest common factor of 190 and a.
38
Let k be (-1*1)/((-2)/18). Let t(f) = -7428*f - 44563. Let m be t(-6). What is the greatest common divisor of m and k?
1
Let c = 45 - -53. Suppose -37 = -4*q + 187. What is the highest common divisor of c and q?
14
Let t = 100 - 23. Let b be 0 + (-5 - 1) - (-3 + 0). Let a be (63/27 + -7)/(2/b). What is the highest common factor of a and t?
7
Let v(k) = -k**3 - 9*k**2 - 5*k + 6. Let y = 3 + -12. Let m be v(y). Calculate the highest common factor of m and 119.
17
Let p = 242 + -111. Suppose -p*k + 10 = -129*k. What is the greatest common divisor of 80 and k?
5
Let o(k) = 119*k + 1785. Let b be o(-15). Let a be (10/6)/(3/9). Suppose b = a*m - 19 - 36. Calculate the greatest common factor of m and 187.
11
Let d = 86 + -67. Let l = 0 - d. Let i be (-3 + -2 + l)/(4/(-6)). Calculate the highest common factor of 12 and i.
12
Let x be (-39 + 34)*((-144)/5)/3. Suppose 0 = -3*i - 3*y + x, 0 = -3*y - 8 - 4. Let w = 28 - 23. What is the highest common divisor of i and w?
5
Let z(d) = 4*d**2 - 26*d + 6. Let k be 2*54/4 - 0/19. Suppose 26*c = k*c - 12. Let m be z(c). Calculate the greatest common factor of 30 and m.
30
Let i = -626 + 725. Let q = -92 + i. What is the highest common factor of q and 112?
7
Let h = 9150 + -9102. Let j = 22 - 10. Calculate the highest common factor of h and j.
12
Suppose 12 = 4*r - 2*m + 3*m, -2*r - 2*m + 12 = 0. Suppose 3*v - 69 = -3. What is the greatest common divisor of r and v?
2
Let u(d) = d**3 + 8*d**2 - 8*d - 3. Let l be u(-5). Let f = -1505 + 1537. What is the greatest common factor of f and l?
16
Let w(s) = s**2 - 7*s + 9. Let o be w(6). Let t be (-113)/(-4) - 5 - 9/(-12). Let m = t + -22. What is the greatest common divisor of o and m?
1
Suppose -18473 = -2*g - 5*g. Suppose h = 3*h - 2*v - 1342, 5*v = -4*h + g. What is the highest common divisor of h and 18?
18
Let z = -2280 + 2345. What is the highest common divisor of z and 52?
13
Let t be 22*(-82)/(-24) + (-676)/24 + 28. Suppose 0 = -4*z - v + 804, 0*v + 992 = 5*z - 2*v. Calculate the highest common divisor of t and z.
25
Let d be 0 + (9 + -5 - 8) + 19. What is the greatest common factor of 78 and d?
3
Suppose 66*p = 67*p + 84. Let x be (297/p - (-12)/(-16))*-28. What is the highest common divisor of x and 6?
6
Suppose 6*c + 2844 = -6*c. Let i = c + 238. What is the highest common divisor of i and 11?
1
Let k(d) = -5*d + 518. Let g be k(39). What is the greatest common factor of g and 133?
19
Let o = -3 + 13. Let z(w) = -w**3 - 4*w**2 + 2*w - 48. Let x be z(-6). Suppose 847 = x*a - 473. What is the greatest common factor of a and o?
10
Let m be 690/(-78) - -9 - 2217/(-39). Let j be 78/(-9) + (-2)/(-3). Let v be (j/10*-3)/(m/190). What is the greatest common factor of 8 and v?
8
Suppose -3*y - 2*r + 20 = 0, -2*y = -3*y - 5*r + 24. Suppo